eds digit of 346495?
4
What is the thousands digit of 420422?
0
What is the hundred thousands digit of 2179791?
1
What is the ten thousands digit of 15751230?
5
What is the thousands digit of 8230?
8
What is the thousands digit of 325690?
5
What is the hundred thousands digit of 253747?
2
What is the tens digit of 2281285?
8
What is the units digit of 3561289?
9
What is the ten thousands digit of 4346359?
4
What is the ten thousands digit of 4696415?
9
What is the hundreds digit of 1540235?
2
What is the units digit of 352615?
5
What is the ten thousands digit of 5206981?
0
What is the thousands digit of 10309627?
9
What is the ten millions digit of 16926866?
1
What is the units digit of 10320916?
6
What is the tens digit of 45900?
0
What is the hundreds digit of 4363717?
7
What is the hundred thousands digit of 1439519?
4
What is the thousands digit of 944530?
4
What is the hundred thousands digit of 10393920?
3
What is the units digit of 4264531?
1
What is the thousands digit of 1928984?
8
What is the hundreds digit of 428008?
0
What is the thousands digit of 1767436?
7
What is the tens digit of 9244024?
2
What is the ten thousands digit of 792945?
9
What is the millions digit of 2348928?
2
What is the millions digit of 4770924?
4
What is the thousands digit of 1940320?
0
What is the units digit of 217799?
9
What is the tens digit of 1014487?
8
What is the ten thousands digit of 343655?
4
What is the ten thousands digit of 532120?
3
What is the ten millions digit of 25297836?
2
What is the hundreds digit of 21030472?
4
What is the units digit of 80773?
3
What is the units digit of 3994278?
8
What is the units digit of 1896947?
7
What is the hundred thousands digit of 1637459?
6
What is the hundred thousands digit of 3196713?
1
What is the hundred thousands digit of 556523?
5
What is the millions digit of 3671098?
3
What is the thousands digit of 5183393?
3
What is the units digit of 253990?
0
What is the hundreds digit of 618943?
9
What is the hundreds digit of 35523554?
5
What is the ten thousands digit of 286336?
8
What is the hundred thousands digit of 198873?
1
What is the hundreds digit of 30022?
0
What is the thousands digit of 1647311?
7
What is the ten thousands digit of 1357251?
5
What is the ten thousands digit of 8510617?
1
What is the ten thousands digit of 11230827?
3
What is the millions digit of 8114834?
8
What is the ten thousands digit of 215969?
1
What is the millions digit of 1358159?
1
What is the tens digit of 885164?
6
What is the tens digit of 10515983?
8
What is the millions digit of 2056044?
2
What is the units digit of 243549?
9
What is the thousands digit of 160162?
0
What is the tens digit of 7053519?
1
What is the ten thousands digit of 19125653?
2
What is the hundreds digit of 210460?
4
What is the ten thousands digit of 106571?
0
What is the thousands digit of 155286?
5
What is the millions digit of 2955444?
2
What is the ten thousands digit of 625989?
2
What is the tens digit of 476152?
5
What is the ten millions digit of 12220655?
1
What is the millions digit of 1760379?
1
What is the thousands digit of 97478?
7
What is the thousands digit of 2140669?
0
What is the hundred thousands digit of 408458?
4
What is the thousands digit of 885352?
5
What is the hundred thousands digit of 6417607?
4
What is the hundreds digit of 255401?
4
What is the tens digit of 19139258?
5
What is the ten thousands digit of 7769982?
6
What is the hundred thousands digit of 6069359?
0
What is the units digit of 13786525?
5
What is the ten thousands digit of 2082189?
8
What is the ten millions digit of 11870998?
1
What is the ten millions digit of 33836008?
3
What is the ten thousands digit of 185347?
8
What is the hundred thousands digit of 467677?
4
What is the hundred thousands digit of 12119062?
1
What is the ten millions digit of 13745531?
1
What is the hundreds digit of 299404?
4
What is the tens digit of 56250?
5
What is the hundreds digit of 12643343?
3
What is the ten millions digit of 14630349?
1
What is the thousands digit of 685955?
5
What is the thousands digit of 643284?
3
What is the hundreds digit of 7827777?
7
What is the tens digit of 5649013?
1
What is the thousands digit of 4978?
4
What is the units digit of 1026001?
1
What is the units digit of 424701?
1
What is the millions digit of 19076649?
9
What is the tens digit of 23513440?
4
What is the ten thousands digit of 1324248?
2
What is the ten thousands digit of 1343174?
4
What is the hundreds digit of 440931?
9
What is the tens digit of 237221?
2
What is the hundred thousands digit of 583206?
5
What is the ten thousands digit of 3625405?
2
What is the units digit of 320362?
2
What is the hundreds digit of 1026904?
9
What is the tens digit of 383220?
2
What is the hundreds digit of 19923704?
7
What is the units digit of 246838?
8
What is the ten thousands digit of 35829?
3
What is the thousands digit of 179440?
9
What is the thousands digit of 1220620?
0
What is the hundred thousands digit of 4675298?
6
What is the thousands digit of 1161762?
1
What is the tens digit of 1264483?
8
What is the thousands digit of 4824465?
4
What is the hundred thousands digit of 12865699?
8
What is the tens digit of 1126362?
6
What is the ten thousands digit of 688487?
8
What is the hundred thousands digit of 370602?
3
What is the tens digit of 330760?
6
What is the ten millions digit of 14815541?
1
What is the hundreds digit of 27308805?
8
What is the ten thousands digit of 11081070?
8
What is the hundred thousands digit of 520632?
5
What is the units digit of 95519?
9
What is the hundred thousands digit of 3771386?
7
What is the hundreds digit of 56962?
9
What is the tens digit of 2084504?
0
What is the ten thousands digit of 1188974?
8
What is the hundred thousands digit of 1727150?
7
What is the units digit of 420901?
1
What is the ten thousands digit of 382408?
8
What is the tens digit of 298873?
7
What is the hundred thousands digit of 420080?
4
What is the thousands digit of 87563?
7
What is the thousands digit of 1020657?
0
What is the hundreds digit of 186851?
8
What is the thousands digit of 283150?
3
What is the thousands digit of 239042?
9
What is the units digit of 512161?
1
What is the millions digit of 12711017?
2
What is the hundred thousands digit of 8600944?
6
What is the hundreds digit of 473829?
8
What is the hundreds digit of 1386423?
4
What is the ten thousands digit of 3197202?
9
What is the tens digit of 1860972?
7
What is the units digit of 887933?
3
What is the thousands digit of 3707874?
7
What is the ten thousands digit of 528257?
2
What is the ten thousands digit of 13189340?
8
What is the thousands digit of 774937?
4
What is the hundred thousands digit of 721911?
7
What is the millions digit of 1489113?
1
What is the hundred thousands digit of 280326?
2
What is the hundred thousands digit of 893805?
8
What is the ten thousands digit of 20141?
2
What is the units digit of 5175069?
9
What is the tens digit of 4352622?
2
What is the thousands digit of 1717125?
7
What is the thousands digit of 643572?
3
What is the hundreds digit of 115793?
7
What is the ten thousands digit of 869824?
6
What is the tens digit of 887390?
9
What is the hundreds digit of 1288829?
8
What is the tens digit of 4052018?
1
What is the units digit of 555754?
4
What is the units digit of 438305?
5
What is the ten thousands digit of 194374?
9
What is the hundred thousands digit of 116988?
1
What is the units digit of 972691?
1
What is the hundreds digit of 359297?
2
What is the hundreds digit of 5448443?
4
What is the hundred thousands digit of 141088?
1
What is the hundred thousands digit of 5534891?
5
What is the thousands digit of 315845?
5
What is the ten thousands digit of 8166233?
6
What is the hundreds digit of 192847?
8
What is the hundred thousands digit of 1806346?
8
What is the ten thousands digit of 1012988?
1
What is the hundred thousands digit of 5871208?
8
What is the thousands digit of 26427?
6
What is the hundreds digit of 66663?
6
What is the thousands digit of 1223501?
3
What is the ten thousands digit of 20589557?
8
What is the thousands digit of 32976327?
6
What is the millions digit of 1452446?
1
What is the hundred thousands digit of 395965?
3
What is the 